st common factor of 41 and 13?
1
What is the greatest common factor of 2006 and 590?
118
Calculate the greatest common divisor of 170 and 3145.
85
Calculate the greatest common divisor of 1552 and 8342.
194
What is the greatest common factor of 3403 and 166?
83
Calculate the highest common divisor of 74 and 2.
2
What is the greatest common factor of 986 and 34?
34
What is the greatest common divisor of 4310 and 20?
10
Calculate the highest common divisor of 225 and 9.
9
Calculate the highest common divisor of 12402 and 12.
6
Calculate the greatest common divisor of 861 and 189.
21
Calculate the highest common factor of 3063 and 6.
3
Calculate the highest common factor of 38 and 171.
19
What is the greatest common factor of 209 and 114?
19
Calculate the greatest common divisor of 544 and 96.
32
Calculate the greatest common factor of 70 and 2030.
70
What is the greatest common factor of 256 and 144?
16
What is the greatest common divisor of 923 and 71?
71
Calculate the greatest common divisor of 392 and 168.
56
What is the greatest common factor of 262 and 3013?
131
Calculate the highest common divisor of 19 and 1.
1
Calculate the highest common divisor of 1728 and 2112.
192
Calculate the greatest common factor of 140 and 28.
28
What is the highest common factor of 300 and 132?
12
What is the highest common factor of 212 and 36?
4
Calculate the highest common factor of 2212 and 28.
28
Calculate the greatest common divisor of 654 and 19511.
109
Calculate the greatest common factor of 565 and 10.
5
What is the greatest common divisor of 204 and 51?
51
What is the highest common divisor of 1102 and 57?
19
Calculate the greatest common factor of 1408 and 924.
44
Calculate the greatest common divisor of 66 and 34.
2
Calculate the highest common factor of 198 and 4202.
22
What is the greatest common divisor of 600 and 90?
30
Calculate the greatest common divisor of 108 and 2259.
9
What is the greatest common divisor of 7 and 175?
7
What is the highest common divisor of 498 and 415?
83
What is the highest common factor of 174 and 261?
87
Calculate the greatest common factor of 215 and 86.
43
Calculate the greatest common divisor of 1342 and 22.
22
What is the highest common factor of 16777 and 19?
19
What is the highest common factor of 352 and 110?
22
What is the highest common factor of 63 and 126?
63
Calculate the highest common divisor of 296 and 37.
37
What is the highest common factor of 14 and 2366?
14
Calculate the highest common divisor of 1322 and 4.
2
Calculate the greatest common divisor of 110961 and 9.
9
Calculate the highest common factor of 363 and 11.
11
What is the highest common divisor of 1267 and 49?
7
What is the greatest common factor of 2996 and 28?
28
Calculate the greatest common factor of 16 and 2416.
16
What is the highest common divisor of 39 and 1053?
39
What is the greatest common divisor of 24 and 2676?
12
What is the highest common factor of 203 and 377?
29
Calculate the highest common factor of 5902 and 78.
26
What is the greatest common divisor of 6 and 1146?
6
What is the greatest common divisor of 66 and 418?
22
Calculate the greatest common factor of 89179 and 257.
257
What is the greatest common divisor of 636 and 424?
212
Calculate the greatest common divisor of 408 and 18.
6
Calculate the highest common divisor of 693 and 616.
77
What is the greatest common divisor of 91 and 208?
13
Calculate the highest common divisor of 15 and 185.
5
What is the highest common factor of 85 and 1853?
17
Calculate the greatest common factor of 16 and 712.
8
Calculate the greatest common factor of 1359 and 9.
9
Calculate the greatest common divisor of 170 and 11305.
85
Calculate the highest common divisor of 513 and 741.
57
Calculate the highest common factor of 22 and 99.
11
What is the highest common divisor of 2 and 2934?
2
Calculate the greatest common divisor of 18 and 63.
9
What is the highest common factor of 30 and 190?
10
What is the highest common factor of 1972 and 464?
116
What is the greatest common factor of 4638 and 6?
6
What is the greatest common factor of 15757 and 21?
7
What is the highest common factor of 22 and 2574?
22
What is the greatest common factor of 24 and 264?
24
What is the highest common divisor of 246 and 82?
82
What is the greatest common divisor of 6680 and 30?
10
What is the highest common factor of 280 and 120?
40
What is the highest common factor of 9943 and 163?
163
What is the greatest common divisor of 21 and 2051?
7
Calculate the highest common factor of 23 and 23184.
23
Calculate the greatest common factor of 3 and 106.
1
Calculate the greatest common divisor of 476 and 40.
4
Calculate the highest common divisor of 228 and 24092.
76
What is the greatest common factor of 120 and 9300?
60
What is the greatest common factor of 3615 and 964?
241
What is the greatest common divisor of 195 and 10660?
65
What is the highest common factor of 158 and 82634?
158
Calculate the greatest common factor of 49 and 539.
49
Calculate the greatest common factor of 56 and 24.
8
Calculate the greatest common divisor of 117 and 1144.
13
What is the greatest common divisor of 154 and 9779?
77
What is the greatest common divisor of 368 and 16?
16
Calculate the highest common factor of 3059 and 19.
19
Calculate the greatest common divisor of 424 and 318.
106
What is the highest common factor of 364 and 42?
14
What is the highest common divisor of 1529 and 11259?
139
What is the greatest common factor of 510 and 1734?
102
What is the greatest common factor of 110 and 4015?
55
What is the highest common factor of 159 and 212?
53
What is the highest common factor of 3710 and 1007?
53
What is the greatest common divisor of 205 and 27675?
205
Calculate the highest common divisor of 156 and 429.
39
Calculate the greatest common factor of 116 and 493.
29
Calculate the greatest common factor of 4 and 172.
4
What is the highest common divisor of 14852 and 316?
316
What is the greatest common divisor of 16115 and 55?
55
What is the greatest common divisor of 144 and 48?
48
What is the highest common divisor of 23 and 19067?
23
What is the highest common divisor of 35 and 410?
5
What is the highest common factor of 754 and 65?
13
Calculate the greatest common factor of 27 and 3258.
9
Calculate the greatest common factor of 390 and 45.
15
Calculate the greatest common factor of 42465 and 285.
285
What is the greatest common divisor of 174 and 30?
6
What is the highest common divisor of 51 and 6?
3
Calculate the greatest common factor of 2 and 3910.
2
What is the greatest common factor of 106414 and 7?
7
Calculate the highest common factor of 6 and 144.
6
Calculate the highest common factor of 42 and 10031.
7
What is the greatest common factor of 1675 and 201?
67
Calculate the greatest common factor of 816 and 288.
48
What is the highest common factor of 10 and 410?
10
What is the highest common factor of 144 and 2268?
36
What is the highest common factor of 1073 and 232?
29
What is the highest common divisor of 7525 and 315?
35
Calculate the highest common divisor of 220 and 66.
22
Calculate the greatest common factor of 9 and 4305.
3
Calculate the greatest common factor of 9 and 14439.
3
What is the highest common divisor of 34 and 493?
17
Calculate the highest common divisor of 30 and 375.
15
Calculate the greatest common factor of 1799 and 28.
7
Calculate the highest common divisor of 180 and 260.
20
What is the greatest common divisor of 40 and 116?
4
Calculate the greatest common factor of 155 and 62.
31
Calculate the greatest common divisor of 12 and 288.
12
What is the greatest common factor of 18 and 1854?
18
Calculate the highest common divisor of 4806 and 1188.
54
What is the highest common factor of 1740 and 60?
60
Calculate the greatest common factor of 15 and 195.
15
What is the greatest common factor of 636 and 12?
12
Calculate the greatest common divisor of 2827 and 275.
11
Calculate the greatest common factor of 45 and 1179.
9
What is the highest common factor of 9 and 687?
3
What is the greatest common divisor of 462 and 1188?
66
Calculate the highest common factor of 45 and 72.
9
What is the highest common divisor of 33 and 1254?
33
Calculate the highest common factor of 1260 and 18.
18
Calculate the